{"id":2139,"date":"2023-02-08T17:20:47","date_gmt":"2023-02-08T17:20:47","guid":{"rendered":"http:\/\/qfm.uc.pt\/?page_id=2139"},"modified":"2025-07-17T07:58:27","modified_gmt":"2025-07-17T07:58:27","slug":"needforspeed_pt","status":"publish","type":"page","link":"https:\/\/qfm.uc.pt\/index.html\/projetos\/needforspeed_pt\/","title":{"rendered":"Um espectr\u00f3metro de amostragem esparsa para diagn\u00f3stico de melanoma &#8211; NeedfoRSpeed"},"content":{"rendered":"\n<p style=\"text-align: justify;\">Melanoma \u00e9 o tipo de cancro cut\u00e2neo mais agressivo e letal, tendo a sua incid\u00eancia vindo a aumentar consistentemente nas \u00faltimas d\u00e9cadas. Em melanomas precoces (melanomas in situ) a cura pode ser assegurada atrav\u00e9s de excis\u00e3o cir\u00fargica com uma taxa de sobreviv\u00eancia a 5 anos de 97%. No entanto, em est\u00e1gios mais avan\u00e7ados, a taxa de mortalidade \u00e9 alta. O diagn\u00f3stico cl\u00ednico de melanoma numa fase inicial \u00e9 notoriamente dif\u00edcil para os dermatologistas, podendo levar a diagn\u00f3stico tardio e \u00e0 remo\u00e7\u00e3o desnecess\u00e1ria de les\u00f5es benignas. Os dermatologistas relatam uma enorme necessidade cl\u00ednica de um instrumento complementar que os ajude a diferenciar melanomas de les\u00f5es melanoc\u00edticas suspeitas. Uma abordagem promissora \u00e9 a an\u00e1lise baseada em diferen\u00e7as moleculares, que s\u00e3o muito mais espec\u00edficas do que varia\u00e7\u00f5es morfol\u00f3gicas.<br \/>A espectroscopia de Raman (ER) \u00e9 uma t\u00e9cnica \u00f3tica altamente sens\u00edvel baseada em vibra\u00e7\u00f5es moleculares espec\u00edficas dos componentes do tecido que permite a monitoriza\u00e7\u00e3o n\u00e3o invasiva e n\u00e3o destrutiva do tecido, revelando varia\u00e7\u00f5es induzidas por doen\u00e7as e permitindo diferenciar amostras saud\u00e1veis de malignas com alta sensibilidade e especificidade.<br \/>A nossa proposta \u00e9 baseada no desenvolvimento de um instrumento de ER de alta velocidade e baixo custo, para um diagn\u00f3stico objetivo de melanoma, que ainda \u00e9 uma necessidade cl\u00ednica n\u00e3o atendida. O sucesso deste estudo \u00e9 assegurado pela experi\u00eancia dos membros da equipa em estreita colabora\u00e7\u00e3o cient\u00edfica entre dois laborat\u00f3rios de I&amp;D nacionais (QFM-UC e LIBPhys-UC), apoiados por 2 laborat\u00f3rios I&amp;D internacionais (Universidade de Nottingham e Erasmus Medical Center) e duas institui\u00e7\u00f5es de sa\u00fade da \u00e1rea da oncologia dermatol\u00f3gica (IPOCFG e LUMC).<\/p>\n<p><b>Estado<\/b><br \/>Terminado<br \/><b>Per\u00edodo<\/b><br \/>2023 to 2024<br \/><b>Financiamento<\/b><br \/>49.944,86 \u20ac<br \/><b>C\u00f3digo do projeto<\/b><br \/>2022.03336.PTDC<br \/><b>Entidade financiadora<\/b><br \/>Funda\u00e7\u00e3o para a Ci\u00eancia e Tecnologia (FCT)<\/p>\n<p><b>Membros<\/b><br \/><a href=\"http:\/\/qfm.uc.pt\/luis-batista-de-carvalho\/\">Lu\u00eds Alberto Esteves Batista de Carvalho<\/a>\u00a0(Investigador Respons\u00e1vel)<br \/><a href=\"http:\/\/qfm.uc.pt\/maria-paula-marques\/\">Maria Paula Matos Marques Catarro<\/a><br \/><a href=\"http:\/\/qfm.uc.pt\/ana-batista-carvalho\" data-wplink-url-error=\"true\">Ana L\u00facia Marques Batista de Carvalho<\/a>\u00a0<br \/><a href=\"http:\/\/qfm.uc.pt\/adriana-mamede\/\">Adriana Maria Pires Mamede<\/a><br \/>Andreia Sofia Feitor Gaud\u00eancio<br \/>Francisco Paulo de S\u00e1 Campos Gil<br \/>Jo\u00e3o Manuel Cardoso<br \/>Maria Miguel Camelo Amaral Canelas<br \/>Miguel Silva<br \/>Paulo Figueiredo<br \/>Pedro Guilherme da Cunha Leit\u00e3o Dias Vaz<\/p>\n","protected":false},"excerpt":{"rendered":"<p>Melanoma \u00e9 o tipo de cancro cut\u00e2neo mais agressivo e letal, tendo a sua incid\u00eancia vindo a aumentar consistentemente nas \u00faltimas d\u00e9cadas. Em melanomas precoces (melanomas in situ) a cura pode ser assegurada atrav\u00e9s de excis\u00e3o cir\u00fargica com uma taxa de sobreviv\u00eancia a 5 anos de 97%. No entanto, em est\u00e1gios mais avan\u00e7ados, a taxa [&hellip;]<\/p>\n","protected":false},"author":1,"featured_media":0,"parent":178,"menu_order":0,"comment_status":"closed","ping_status":"closed","template":"","meta":{"footnotes":""},"class_list":["post-2139","page","type-page","status-publish","hentry"],"_links":{"self":[{"href":"https:\/\/qfm.uc.pt\/index.html\/wp-json\/wp\/v2\/pages\/2139","targetHints":{"allow":["GET"]}}],"collection":[{"href":"https:\/\/qfm.uc.pt\/index.html\/wp-json\/wp\/v2\/pages"}],"about":[{"href":"https:\/\/qfm.uc.pt\/index.html\/wp-json\/wp\/v2\/types\/page"}],"author":[{"embeddable":true,"href":"https:\/\/qfm.uc.pt\/index.html\/wp-json\/wp\/v2\/users\/1"}],"replies":[{"embeddable":true,"href":"https:\/\/qfm.uc.pt\/index.html\/wp-json\/wp\/v2\/comments?post=2139"}],"version-history":[{"count":2,"href":"https:\/\/qfm.uc.pt\/index.html\/wp-json\/wp\/v2\/pages\/2139\/revisions"}],"predecessor-version":[{"id":4717,"href":"https:\/\/qfm.uc.pt\/index.html\/wp-json\/wp\/v2\/pages\/2139\/revisions\/4717"}],"up":[{"embeddable":true,"href":"https:\/\/qfm.uc.pt\/index.html\/wp-json\/wp\/v2\/pages\/178"}],"wp:attachment":[{"href":"https:\/\/qfm.uc.pt\/index.html\/wp-json\/wp\/v2\/media?parent=2139"}],"curies":[{"name":"wp","href":"https:\/\/api.w.org\/{rel}","templated":true}]}}