{"id":278,"date":"2017-08-01T16:02:43","date_gmt":"2017-08-01T16:02:43","guid":{"rendered":"https:\/\/qfmweb.wordpress.com\/?page_id=278"},"modified":"2026-01-16T16:08:47","modified_gmt":"2026-01-16T16:08:47","slug":"clara-baeta-martins","status":"publish","type":"page","link":"https:\/\/qfm.uc.pt\/index.html\/clara-baeta-martins\/","title":{"rendered":"Clara Baeta Martins"},"content":{"rendered":"<p style=\"text-align: justify;\"><img loading=\"lazy\" decoding=\"async\" class=\"wp-image-3344 alignleft\" src=\"http:\/\/192.168.10.13\/~qfm\/wp-content\/uploads\/2024\/01\/clara-martins-300x300.png\" alt=\"\" width=\"200\" height=\"200\" srcset=\"https:\/\/qfm.uc.pt\/wp-content\/uploads\/2024\/01\/clara-martins-300x300.png 300w, https:\/\/qfm.uc.pt\/wp-content\/uploads\/2024\/01\/clara-martins-150x150.png 150w, https:\/\/qfm.uc.pt\/wp-content\/uploads\/2024\/01\/clara-martins-90x90.png 90w, https:\/\/qfm.uc.pt\/wp-content\/uploads\/2024\/01\/clara-martins-100x100.png 100w, https:\/\/qfm.uc.pt\/wp-content\/uploads\/2024\/01\/clara-martins.png 643w\" sizes=\"auto, (max-width: 200px) 100vw, 200px\" \/><\/p>\n<p style=\"text-align: justify;\"><strong>Clara Sofia Baeta Martins <\/strong>integra o programa doutoral em Bioci\u00eancias, com especializa\u00e7\u00e3o em Bioqu\u00edmica, na Unidade de Qu\u00edmica-F\u00edsica Molecular da Universidade de Coimbra (QFM-UC). A sua \u00e1rea de interesse \u00e9 a espetroscopia vibracional aplicada \u00e0 Qu\u00edmica Medicinal \u2013 desenvolvimento de novos compostos com base em platina e pal\u00e1dio com potencial atividade anticancer\u00edgena. As principais t\u00e9cnicas utilizadas s\u00e3o espetroscopia vibracional (FTIR, microRaman e microFTIR) associada a ensaios biol\u00f3gicos. Participou como bolseira de investiga\u00e7\u00e3o em dois projetos, NoMorFilm (Horizon 2020 EU Grant 634588) and VibsOnCancer (C491215625-00083205). \u00c9 autora e co-autora de artigos em revistas internacionais com arbitragem cient\u00edfica, autora de tr\u00eas cap\u00edtulos de livros e tem v\u00e1rias comunica\u00e7\u00f5es orais e de painel em v\u00e1rias reuni\u00f5es cient\u00edficas.<\/p>\n<hr \/>\n<table style=\"border-color: #ffffff; width: 92.5449%; height: 29px;\">\n<tbody>\n<tr style=\"height: 29px;\">\n<td style=\"width: 48.5636%; border-color: #ffffff; height: 29px; vertical-align: top;\"><b>Endere\u00e7o<\/b><br \/>\nDepartamento de Qu\u00edmica<br \/>\nFaculdade de Ci\u00eancias e Tecnologia<br \/>\nUniversidade de Coimbra<br \/>\n3004-535 Coimbra<\/td>\n<td style=\"width: 29.8699%; border-color: #ffffff; height: 29px; vertical-align: top;\"><b>E-mail<\/b><br \/>\n<a href=\"clara.b.martins@uc.pt\">clara.b.martins@uc.pt<\/a><br \/>\n<b>Telefone<\/b><br \/>\n+351 239 852 094<\/td>\n<td style=\"width: 27.2729%; border-color: #ffffff; height: 29px; vertical-align: top; text-align: left;\"><a href=\"https:\/\/orcid.org\/0000-0003-4477-6794\" target=\"_blank\" rel=\"noopener\">ORCID ID<\/a><br \/>\n<a href=\"http:\/\/www.webofscience.com\/wos\/author\/record\/GVZ-7995-2022\" target=\"_blank\" rel=\"noopener\">ResearcherID<\/a><br \/>\n<a href=\"https:\/\/www.scopus.com\/authid\/detail.uri?authorId=57191668946\" target=\"_blank\" rel=\"noopener\">Scopus ID<\/a><br \/>\n<a href=\"https:\/\/www.researchgate.net\/profile\/Clara-Martins?ev=hdr_xprf\">ResearchGate<\/a><br \/>\n<a href=\"https:\/\/www.cienciavitae.pt\/\/pt\/DD11-36C8-370F\">Ci\u00eancia Vitae<\/a><br \/>\n<a href=\"https:\/\/www.linkedin.com\/in\/clara-martins-903762105\/\" target=\"_blank\" rel=\"noopener\">LinkedIn<\/a><\/td>\n<\/tr>\n<\/tbody>\n<\/table>\n<hr \/>\n<p><b>Publica\u00e7\u00f5es<\/b><\/p>\n<p><a href=\"https:\/\/doi.org\/10.1039\/D5CP03679H\">Probing Drug Pharmacokinetics Using Neutron Scattering Techniques\u00a0<\/a><br \/>\nC.B. Martins, M. Sarter, A.L.M. Batista de Carvalho, V. Garc\u00eda-Sakai, T. Seydel, J. Ollivier, L.A.E. Batista de Carvalho, M.P. Marques<br \/>\nRoyal Society of Chemistry, <strong>28<\/strong>,1923 (2026)<\/p>\n<p><a href=\"https:\/\/doi.org\/10.1039\/D5DT01835H\">Palladium(II) Anticancer Agents: The Intricate Case of the Pd-Spermine Complex<\/a><br \/>\nJ.A.V. Santos, M.M. F\u00e9lix, C.B. Martins, J. Marques, M.P.M. Marques, L.A.E. Batista de Carvalho<br \/>\nDalton Transactions, <strong>54 (42)<\/strong>,15754-15764 (2025)<\/p>\n<p><a href=\"https:\/\/doi.org\/10.1021\/acs.analchem.5c02233\">New Chemotherapeutic Approaches to Treatment of Mesenchymal Triple-Negative Breast Cancer-Sensitive and Resistant to Cisplatin: Assessment of Cellular Response by Vibrational Microspectroscopy<\/a><br \/>\nC.B. Martins, A.L.M. Batista de Carvalho, M.M. F\u00e9lix, M. Vojtek, C. Diniz, L.A.E. Batista de Carvalho, M.P.M. Marques<br \/>\nAnalytical Chemistry,\u00a0<strong>97(27), <\/strong>14709-14721 (2025)<\/p>\n<p style=\"text-align: justify;\"><a href=\"https:\/\/www.ncbi.nlm.nih.gov\/pmc\/articles\/PMC10145437\/\">Pd(II) and Pt(II) Trinuclear Chelates with Spermidine: Selective Anticancer Activity towards TNBC-Sensitive and-Resistant to Cisplatin<\/a><br \/>\nM. Vojtek, C.B. Martins, R. Ramos, S.G. Duarte, I.M.P.L.V.O. Ferreira, A.L.M. Batista de Carvalho, M.P.M. Marques, C. Diniz<br \/>\nPharmaceutics <strong>15(4)<\/strong>, 1205 (2023)<\/p>\n<p><a href=\"https:\/\/www.sciencedirect.com\/science\/article\/abs\/pii\/B9780323991964000450\">Strategy and design of innovation policy road mapping for microalgae-based foods<\/a><br \/>\nM.J. Barroca, S.G. Floren\u00e7a, C.B. Martins, R.P.F. Guin\u00e9<br \/>\nIn Handbook of Food and Feed from Microalgae, Academic Press, 625-642 (2023)<\/p>\n<p><a href=\"https:\/\/doi.org\/10.1038\/s41598-023-47649-w\">Cellular Dynamics as a Marker of Normal-to-Cancer Transition in Human Cells<\/a><br \/>\nM.P.M. Marques, A.L.M. Batista de Carvalho, C.B. Martins, J.D. Silva, M. Sarter, V. Garc\u00eda Sakai, R. Stewart, L.A.E. Batista de Carvalho<br \/>\nScientific Reports <strong>13<\/strong>, 21709 (2023)<\/p>\n<p><a href=\"https:\/\/www.mdpi.com\/1420-3049\/28\/4\/1698\">A Non-Conventional Platinum Drug against a Non-Small Cell Lung Cancer Line<\/a><br \/>\nJ.D. Silva, J. Marques, I.P. Santos, A.L.M. Batista de Carvalho, C.B. Martins, R.C. Laginha, L.A.E. Batista de Carvalho, M.P.M. Marques<br \/>\nMolecules <strong>28(4)<\/strong>, 1698 (2023)<\/p>\n<p><a href=\"https:\/\/doi.org\/10.3390\/ijms24031888\">Evaluation of the Cytotoxic Effect of Pd<sub>2<\/sub>Spm against Prostate Cancer through Vibrational Microspectroscopies<\/a><br \/>\nR.C. Laginha, C.B. Martins, A.L.C. Brand\u00e3o, J. Marques, M.P.M. Marques, L.A.E. Batista de Carvalho, I.P. Santos, A.L.M. Batista de Carvalho<br \/>\nInternational Journal of Molecular Sciences <strong>24(3)<\/strong>, 1888 (2023)<\/p>\n<p><a href=\"https:\/\/doi.org\/10.1039\/d2cp00621a\">Water dynamics in human cancer and non-cancer tissues<\/a><br \/>\nM.P.M. Marques, I.P. Santos, A.L.M. Batista de Carvalho, A.P. Mamede, C.B. Martins, P. Figueiredo, M. Sarter, V. Garcia Sakai, L.A.E. Batista de Carvalho<br \/>\nPhysical Chemistry Chemical Physics <strong>24(25)<\/strong>, 15406\u201315415 (2022)<\/p>\n<p><a href=\"https:\/\/doi.org\/10.3390\/cancers14020452\">Who\u2019s who? Discrimination of human breast cancer cell lines by Raman and FTIR microspectroscopy<\/a><br \/>\nI.P. Santos, C.B. Martins, L.A.E. Batista de Carvalho, M.P.M. Marques, A.L.M. Batista de Carvalho<br \/>\nCancers <strong>14(2)<\/strong>, 452 (2022)<\/p>\n<p><a href=\"http:\/\/dx.doi.org\/10.1201\/9780429340543-7\">Microalgae Biomass as an Alternative to Fossil Carbons<\/a><br \/>\nJ.D. Ferreira, C.B. Martins, M.F.G. Assun\u00e7\u00e3o, L.M.A. Santos<br \/>\nBiomass, Bioproducts and Biofuels, CRC Press, 159-172 (2022)<\/p>\n<p><a href=\"https:\/\/www.appleacademicpress.com\/algal-genetic-resources-cosmeceuticals-nutraceuticals-and-pharmaceuticals-from-algae\/9781774637487\">Anticancer compounds from freshwater microalgae<\/a><br \/>\nC. Martins, S. Silvestre, L. Santos<br \/>\nAlgal Genetic Resources Cosmeceuticals, Nutraceuticals, and Pharmaceuticals from Algae, AAP\/CRC press (2021)<\/p>\n<p><a href=\"https:\/\/doi.org\/10.1016\/B978-0-12-823304-7.00011-8\">Astaxanthin in microalgae Eustigmatophyceae<\/a><br \/>\nC.B. Martins, M.F.G. Assun\u00e7\u00e3o, J.D. Ferreira, L.M.A. Santos<br \/>\nGlobal Perspectives on Astaxanthin, Academic Press, 61-70 (2021)<\/p>\n<p><a href=\"https:\/\/doi.org\/10.3390\/ph14020173\">Preclinical pharmacokinetics and biodistribution of anticancer dinuclear palladium (II)-Spermine complex (Pd<sub>2<\/sub>Spm) in mice<\/a><br \/>\nM. Vojtek, S. Gon\u00e7alves-Monteiro, E. Pinto, S. Kalivodov\u00e1, A. Almeida, M.P.M. Marques, A.L.M. Batista de Carvalho, C.B. Martins, F.H. Mota, I.M.P.L.V.O Ferreira, C. Diniz<br \/>\nPharmaceuticals <strong>14(2)<\/strong>, 173 (2021)<\/p>\n<p><a href=\"https:\/\/doi.org\/10.3390\/md19120675\">Microalgae and cyanobacteria strains as producers of lipids with antibacterial and antibiofilm activity<\/a><br \/>\nV. Cepas, I. Guti\u00e9rrez-Del-R\u00edo, Y. L\u00f3pez, S. Redondo-Blanco, Y. Gabasa, M.J. Iglesias, R. Soengas, A. Fern\u00e1ndez-Lorenzo, S. L\u00f3pez-Ib\u00e1\u00f1ez, C.J. Villar, C.B. Martins, J.D. Ferreira, M.F.G. Assun\u00e7\u00e3o, L.M.A. Santos, J. Morais, R. Castelo-Branco, M.A. Reis, V. Vasconcelos, F. L\u00f3pez-Ortiz, F. Lomb\u00f3, S. M. Soto,<br \/>\nMarine Drugs <strong>19(12)<\/strong>, 675 (2021)<\/p>\n<p><a href=\"https:\/\/doi.org\/10.1007\/s10529-021-03122-0\">Eustigmatophyte strains with potential interest in cancer prevention and treatment: Partial chemical characterization and evaluation of cytotoxic and antioxidant activity<\/a><br \/>\nC.B. Martins, O. Ferreira, T. Rosado, E. Gallardo, S. Silvestre, L.M.A. Santos<br \/>\nBiotechnology Letters <strong>43(7)<\/strong>, 1487-1502 (2021)<\/p>\n<p><a href=\"http:\/\/dx.doi.org\/10.1111\/jpy.12959\">Chemotaxonomic Profiling Through NMR<sup>1<\/sup><\/a><br \/>\nM.J. Iglesias, R. Soengas, C.B. Martins, M.J. Correia, J.D. Ferreira, L.M.A Santos, F. L. Ortiz<br \/>\nJournal of Phycology <strong>56(2)<\/strong>, 521-539 (2020)<\/p>\n<p><a href=\"http:\/\/dx.doi.org\/10.3390\/antibiotics8020077\">Inhibition of bacterial and fungal biofilm formation by 675 extracts from microalgae and cyanobacteria<\/a><br \/>\nV. Cepas, Y. L\u00f3pez, Y. Gabasa, C.B. Martins, J.D. Ferreira, M.J. Correia, L.M.A. Santos, F. Oliveira, V. Ramos, M. Reis, R. Castelo-Branco, J. Morais, V. Vasconcelos, I. Probert, E. Guilloud, M. Mehiri, S.M. Soto<br \/>\nAntibiotics <strong>8(2)<\/strong>, 77 (2019)<\/p>\n<p><a href=\"http:\/\/dx.doi.org\/10.1007\/s10811-016-0980-7\">Screening microalgae as potential sources of antioxidants<\/a><br \/>\nM.F. Assun\u00e7\u00e3o, R. Amaral, C.B. Martins, J.D. Ferreira, S. Ressurrei\u00e7\u00e3o, S.D. Santos, J.M.T.B. Varej\u00e3o, L.M.A. Santos<br \/>\nJournal of Applied Phycology <strong>29(2)<\/strong>, 865-877 (2017)<\/p>\n<p><a href=\"http:\/\/dx.doi.org\/10.1127\/nova_hedwigia\/2016\/0374\">Biotechnological potential of <em>Haematococcus pluvialis<\/em> Flotow ACOI 3380<\/a><br \/>\nC.B. Martins, J.M. Varej\u00e3o, L.M.A Santos<br \/>\nNova Hedwigia, 547-559 (2016)<\/p>\n","protected":false},"excerpt":{"rendered":"<p>Clara Sofia Baeta Martins integra o programa doutoral em Bioci\u00eancias, com especializa\u00e7\u00e3o em Bioqu\u00edmica, na Unidade de Qu\u00edmica-F\u00edsica Molecular da Universidade de Coimbra (QFM-UC). A sua \u00e1rea de interesse \u00e9 a espetroscopia vibracional aplicada \u00e0 Qu\u00edmica Medicinal \u2013 desenvolvimento de novos compostos com base em platina e pal\u00e1dio com potencial atividade anticancer\u00edgena. As principais t\u00e9cnicas [&hellip;]<\/p>\n","protected":false},"author":1,"featured_media":0,"parent":0,"menu_order":0,"comment_status":"closed","ping_status":"closed","template":"","meta":{"footnotes":""},"class_list":["post-278","page","type-page","status-publish","hentry"],"_links":{"self":[{"href":"https:\/\/qfm.uc.pt\/index.html\/wp-json\/wp\/v2\/pages\/278","targetHints":{"allow":["GET"]}}],"collection":[{"href":"https:\/\/qfm.uc.pt\/index.html\/wp-json\/wp\/v2\/pages"}],"about":[{"href":"https:\/\/qfm.uc.pt\/index.html\/wp-json\/wp\/v2\/types\/page"}],"author":[{"embeddable":true,"href":"https:\/\/qfm.uc.pt\/index.html\/wp-json\/wp\/v2\/users\/1"}],"replies":[{"embeddable":true,"href":"https:\/\/qfm.uc.pt\/index.html\/wp-json\/wp\/v2\/comments?post=278"}],"version-history":[{"count":8,"href":"https:\/\/qfm.uc.pt\/index.html\/wp-json\/wp\/v2\/pages\/278\/revisions"}],"predecessor-version":[{"id":4830,"href":"https:\/\/qfm.uc.pt\/index.html\/wp-json\/wp\/v2\/pages\/278\/revisions\/4830"}],"wp:attachment":[{"href":"https:\/\/qfm.uc.pt\/index.html\/wp-json\/wp\/v2\/media?parent=278"}],"curies":[{"name":"wp","href":"https:\/\/api.w.org\/{rel}","templated":true}]}}