{"id":3952,"date":"2024-01-12T14:47:02","date_gmt":"2024-01-12T14:47:02","guid":{"rendered":"http:\/\/192.168.10.13\/~qfm\/?page_id=3952"},"modified":"2026-01-16T16:05:36","modified_gmt":"2026-01-16T16:05:36","slug":"joao-santos","status":"publish","type":"page","link":"https:\/\/qfm.uc.pt\/index.html\/joao-santos\/","title":{"rendered":"Jo\u00e3o Santos"},"content":{"rendered":"\n<p><img loading=\"lazy\" decoding=\"async\" class=\"alignleft wp-image-3784\" src=\"http:\/\/192.168.10.13\/~qfm\/wp-content\/uploads\/2024\/01\/joao-150x150.png\" alt=\"\" width=\"200\" height=\"200\" srcset=\"https:\/\/qfm.uc.pt\/wp-content\/uploads\/2024\/01\/joao-150x150.png 150w, https:\/\/qfm.uc.pt\/wp-content\/uploads\/2024\/01\/joao-300x300.png 300w, https:\/\/qfm.uc.pt\/wp-content\/uploads\/2024\/01\/joao-90x90.png 90w, https:\/\/qfm.uc.pt\/wp-content\/uploads\/2024\/01\/joao-100x100.png 100w, https:\/\/qfm.uc.pt\/wp-content\/uploads\/2024\/01\/joao.png 602w\" sizes=\"auto, (max-width: 200px) 100vw, 200px\" \/><\/p>\n<p style=\"text-align: justify;\"><strong>Jo\u00e3o Santos<\/strong>, licenciado em Qu\u00edmica Medicinal e mestre em Qu\u00edmica \u00e9 aluno de Doutoramento em Qu\u00edmica na Unidade de I&amp;D Qu\u00edmica-F\u00edsica Molecular.<br \/>Dedica a sua actividade de investiga\u00e7\u00e3o \u00e0 nanoencapsula\u00e7\u00e3o de novos agentes anticancer\u00edgenos de Pal\u00e1dio e Platina &#8211; Efeitos nos Perfis Hidrofilicidade, Citotoxicidade e Toxicidade.<br \/>Paralelamente, \u00e9 membro da j\u00fanior empresa Molecular JE &#8211; Associa\u00e7\u00e3o, uma associa\u00e7\u00e3o sem fins lucrativos que visa a comunica\u00e7\u00e3o de ci\u00eancia a crian\u00e7as e adolescentes.<\/p>\n<hr \/>\n<table style=\"border-color: #ffffff; width: 98.6913%; height: 128px;\">\n<tbody>\n<tr>\n<td style=\"width: 40.3653%; border-color: #ffffff; height: 29px; vertical-align: top;\"><b>Endere\u00e7o<\/b><br \/>Departamento de Qu\u00edmica<br \/>Faculdade de Ci\u00eancias e Tecnologia<br \/>Universidade de Coimbra<br \/>3004-535 Coimbra<\/td>\n<td style=\"width: 34.8993%; border-color: #ffffff; height: 29px; vertical-align: top;\"><b>E-mail<\/b><br \/><a href=\"mailto:joaosantos@qui.uc.pt\">joaosantos@qui.uc.pt<\/a><br \/><b>Telefone<\/b><br \/>+351 239 852 094<\/td>\n<td style=\"width: 23.717%; border-color: #ffffff; height: 29px; vertical-align: top; text-align: left;\"><a href=\"https:\/\/orcid.org\/0000-0001-5803-6143\" target=\"_blank\" rel=\"noopener\">ORCID ID<\/a><br \/><a href=\"https:\/\/scholar.google.com\/citations?user=e2nsyDwAAAAJ&amp;hl=pt-PT\">Google Scholar<\/a><br \/><a href=\"https:\/\/www.researchgate.net\/profile\/Joao-Santos-205\/research\">ResearchGate<\/a><br \/><a href=\"https:\/\/www.cienciavitae.pt\/\/pt\/B214-0F71-0B1B\">Ci\u00eancia Vitae<\/a><\/td>\n<\/tr>\n<\/tbody>\n<\/table>\n<hr \/>\n<p><b>Publica\u00e7\u00f5es<\/b><\/p>\n<p><a href=\"https:\/\/doi.org\/10.1039\/D5DT01835H\">Palladium(II) Anticancer Agents: The Intricate Case of the Pd-Spermine Complex<\/a><br \/>J.A.V. Santos, M.M. F\u00e9lix, C.B. Martins, J. Marques, M.P.M. Marques, L.A.E. Batista de Carvalho<br \/>Dalton Transactions, <strong>54 (42)<\/strong>,15754-15764 (2025)<\/p>\n<p><a href=\"https:\/\/doi.org\/10.1039\/D4NR01483A\">Platinum-Based Chemotherapy: Trends in Organic Nanodelivery Systems<\/a><br \/>J.A.V. Santos, D. Silva, M.P.M. Marques, L.A.E. Batista de Carvalho<br \/>Nanoscale (2024)<\/p>\n<p><a href=\"https:\/\/doi.org\/10.1016\/j.saa.2023.122816\">Spectrochemical analysis of seasonal and sexual variation of antioxidants in <em>Corema album<\/em> (L.) D. Don leaf extracts<\/a><br \/>D.J.S. Silva, J.A.V. Santos, J.C.N. Pinto, E.J. Llorent-Martinez, P.C. Castilho, L.A.E. Batista de Carvalho, M.P.M. Marques, M.J. Barroca, A.M. da Silva, R.M.F. da Costa<br \/>Spectrochimica Acta Part A: Molecular and Biomolecular Spectroscopy <strong>299<\/strong>, 122816 (2023)<\/p>\n<p style=\"text-align: justify;\"><a href=\"https:\/\/doi.org\/10.1039\/D1CE00407G\">Pharmaceutical nanococrystal synthesis: a novel grinding approach<\/a> <br \/>J.A.V. Santos, J.A. Baptista, I.C. Santos, T.M.R. Maria, J. Canotilho, R.A.E. Castro, M.E.S. Eus\u00e9bio<br \/>CrystEngComm <strong>24<\/strong>, 947-961 (2022)<\/p>\n","protected":false},"excerpt":{"rendered":"<p>Jo\u00e3o Santos, licenciado em Qu\u00edmica Medicinal e mestre em Qu\u00edmica \u00e9 aluno de Doutoramento em Qu\u00edmica na Unidade de I&amp;D Qu\u00edmica-F\u00edsica Molecular.Dedica a sua actividade de investiga\u00e7\u00e3o \u00e0 nanoencapsula\u00e7\u00e3o de novos agentes anticancer\u00edgenos de Pal\u00e1dio e Platina &#8211; Efeitos nos Perfis Hidrofilicidade, Citotoxicidade e Toxicidade.Paralelamente, \u00e9 membro da j\u00fanior empresa Molecular JE &#8211; Associa\u00e7\u00e3o, uma [&hellip;]<\/p>\n","protected":false},"author":1,"featured_media":0,"parent":0,"menu_order":0,"comment_status":"closed","ping_status":"closed","template":"","meta":{"footnotes":""},"class_list":["post-3952","page","type-page","status-publish","hentry"],"_links":{"self":[{"href":"https:\/\/qfm.uc.pt\/index.html\/wp-json\/wp\/v2\/pages\/3952","targetHints":{"allow":["GET"]}}],"collection":[{"href":"https:\/\/qfm.uc.pt\/index.html\/wp-json\/wp\/v2\/pages"}],"about":[{"href":"https:\/\/qfm.uc.pt\/index.html\/wp-json\/wp\/v2\/types\/page"}],"author":[{"embeddable":true,"href":"https:\/\/qfm.uc.pt\/index.html\/wp-json\/wp\/v2\/users\/1"}],"replies":[{"embeddable":true,"href":"https:\/\/qfm.uc.pt\/index.html\/wp-json\/wp\/v2\/comments?post=3952"}],"version-history":[{"count":11,"href":"https:\/\/qfm.uc.pt\/index.html\/wp-json\/wp\/v2\/pages\/3952\/revisions"}],"predecessor-version":[{"id":4826,"href":"https:\/\/qfm.uc.pt\/index.html\/wp-json\/wp\/v2\/pages\/3952\/revisions\/4826"}],"wp:attachment":[{"href":"https:\/\/qfm.uc.pt\/index.html\/wp-json\/wp\/v2\/media?parent=3952"}],"curies":[{"name":"wp","href":"https:\/\/api.w.org\/{rel}","templated":true}]}}