{"id":466,"date":"2017-08-21T15:15:53","date_gmt":"2017-08-21T15:15:53","guid":{"rendered":"https:\/\/qfmweb.wordpress.com\/?page_id=466"},"modified":"2024-10-29T15:44:08","modified_gmt":"2024-10-29T15:44:08","slug":"maria-joao-barroca","status":"publish","type":"page","link":"https:\/\/qfm.uc.pt\/index.html\/maria-joao-barroca\/","title":{"rendered":"Maria Jo\u00e3o Barroca"},"content":{"rendered":"<p><img loading=\"lazy\" decoding=\"async\" class=\"alignleft wp-image-3348\" src=\"http:\/\/192.168.10.13\/~qfm\/wp-content\/uploads\/2024\/01\/maria-joao-300x300.png\" alt=\"\" width=\"200\" height=\"200\" srcset=\"https:\/\/qfm.uc.pt\/wp-content\/uploads\/2024\/01\/maria-joao-300x300.png 300w, https:\/\/qfm.uc.pt\/wp-content\/uploads\/2024\/01\/maria-joao-150x150.png 150w, https:\/\/qfm.uc.pt\/wp-content\/uploads\/2024\/01\/maria-joao-90x90.png 90w, https:\/\/qfm.uc.pt\/wp-content\/uploads\/2024\/01\/maria-joao-100x100.png 100w, https:\/\/qfm.uc.pt\/wp-content\/uploads\/2024\/01\/maria-joao.png 414w\" sizes=\"auto, (max-width: 200px) 100vw, 200px\" \/><\/p>\n<p style=\"text-align: justify;\"><b>Maria Jo\u00e3o Barroca\u00a0<\/b>\u00e9 doutorada em Engenharia Qu\u00edmica pela Universidade de Coimbra, desempenha fun\u00e7\u00f5es de Professor Adjunto na Escola Superior Agr\u00e1ria de Coimbra do Instituto Polit\u00e9cnico de Coimbra, na \u00e1rea de tecnologia alimentar. Dedica a sua actividade ao estudo do impacto de processos de secagem sobre as propriedades f\u00edsico-quimicas dos alimentos e \u00e0 valoriza\u00e7\u00e3o de plantas mar\u00edtimas como ingredientes no desenvolvimento de alimentos funcionais.<\/p>\n<hr \/>\n<table style=\"border-color: #ffffff; width: 712px; height: 114px;\">\n<tbody>\n<tr>\n<td style=\"width: 318px; border-color: #ffffff; height: 29px; vertical-align: top;\"><b>Endere\u00e7o<\/b><br \/>\nDepartamento de Qu\u00edmica<br \/>\nFaculdade de Ci\u00eancias e Tecnologia<br \/>\nUniversidade de Coimbra<br \/>\n3004-535 Coimbra<\/td>\n<td style=\"width: 237px; border-color: #ffffff; height: 29px; vertical-align: top;\"><b>E-mail<\/b><br \/>\n<a href=\"mailto:mjbarroca@gmail.com\">mjbarroca@gmail.com<\/a><br \/>\n<b>Telefone<\/b><br \/>\n+351 239 826 541<\/td>\n<td style=\"width: 155px; border-color: #ffffff; height: 29px; vertical-align: top;\"><a href=\"http:\/\/orcid.org\/0000-0002-9186-0975\">ORCID ID<\/a><br \/>\n<a href=\"https:\/\/www.cienciavitae.pt\/\/E21B-CD54-E879\">Ci\u00eancia Vitae<\/a><br \/>\n<a href=\"http:\/\/www.researcherid.com\/rid\/I-8696-2014\">ResearcherID<\/a><br \/>\n<a href=\"https:\/\/www.scopus.com\/authid\/detail.uri?authorId=6602767047\">Scopus ID<\/a><br \/>\n<a href=\"https:\/\/www.researchgate.net\/profile\/Maria_Barroca\" target=\"_blank\" rel=\"noopener\">Research Gate<\/a><br \/>\n<a href=\"https:\/\/www.linkedin.com\/in\/maria-jo%C3%A3o-barroca-512952b\">LinkedIn<\/a><\/td>\n<\/tr>\n<\/tbody>\n<\/table>\n<hr \/>\n<p><b>Publica\u00e7\u00f5es<\/b><\/p>\n<p><a href=\"https:\/\/doi.org\/10.3390\/cosmetics11050180\">Development of a Topical Cream from the Ethanolic of Agave sisalana Residues with Anti-Inflammatory and Analgesic Properties<\/a><br \/>\nJ.A.R. Fracasso, M.E. Takahashi, L.T.S. da Costa, D.B. Barbosa, B.A. Soares, W.R. Pereira Martins, N.A. Zoppe, J. Marques, M.P.M. Marques, A.M. da Silva, M.J. Barroca, V.F. Ximenes, J.T. Ribeiro-Paes, L. dos Santos<br \/>\nCosmetics <strong>11<\/strong>, 180 (2024)<\/p>\n<p><a href=\"https:\/\/www.sciencedirect.com\/science\/article\/pii\/S1756464622004194\">Use of response surface methodology to investigate the effect of sodium chloride substitution with <em>Salicornia ramosissima<\/em> powder in common wheat dough and bread<\/a><br \/>\nO. Oumayma Toumi, P. Conte, A. Moreira da Silva, M.J. Barroca, C. Fadda<br \/>\nJournal of Functional Foods <strong>99<\/strong>, 1-12 (2022)<\/p>\n<p><a href=\"https:\/\/www.mdpi.com\/2304-8158\/11\/18\/2888\">Randomized pilot study on the effects of <em>Sarcocornia<\/em> as a salt substitute in arterial blood pressure and vascular function in healthy young adults<\/a><br \/>\nT. Pereira, A.T. Caldeira, A. Caseiro, N. Os\u00f3rio, A. Moreira da Silva, M.J. Barroca<br \/>\nFoods <strong>11<\/strong>, 2888 (2022)<\/p>\n<p><a href=\"https:\/\/keypublishing.org\/jhed\/wp-content\/uploads\/2022\/11\/16.-Abstract-Yuliya-Dulyanska.pdf\">Evaluation of the antioxidant activity of extracts obtained from cherry seeds<\/a><br \/>\nY. Dulyanska, L. Cruz-Lopes, B. Esteves, J.V. Ferreira, I. Domingos, M.J. Lima, P.M.R. Correia, M. Ferreira, A. Fragata, M.J. Barroca, A. Moreira da Silva, R.P.F. Guin\u00e9<br \/>\nJournal of Hygienic Engineering and Design <strong>40<\/strong>, 221-226 (2022)<\/p>\n<p><a href=\"https:\/\/www.mdpi.com\/1467-3045\/44\/8\/246\"><em>Corema album<\/em> leaves mediate DNA damage in triple-negative breast cancer cells<\/a><br \/>\nA.S. Cerquido, M. Vojtek, R. Ribeiro-Oliveira, S. Gon\u00e7alves-Monteiro, M.J. Barroca, A. Moreira da Silva, O. Viegas, V. Freitas, J.B. Sousa, I.M.L.V.O. Ferreira, C. Diniz<br \/>\nCurrent Issues in Molecular Biology <strong>44<\/strong>, 3598-3610, 1-12 (2022)<\/p>\n<p><a href=\"https:\/\/www.mdpi.com\/2073-4395\/12\/5\/1227\">Extraction of phenolic compounds from cherry seeds: a preliminary study<\/a><br \/>\nY. Dulyanska, L.P. Cruz-Lopes, B. Esteves, J.V. Ferreira, I. Domingos, M.J. Lima, P.M.R. Correia, M. Ferreira, A. Fragata, M.J. Barroca, A. Moreira da Silva, R.P.F. Guin\u00e9<br \/>\nAgronomy <strong>12<\/strong>, 1227, 1-15 (2022)<\/p>\n<p><a href=\"https:\/\/www.mdpi.com\/2304-8158\/11\/7\/917\">Development of innovative candied chestnuts from three chestnut cultivars grown in Portugal<\/a><br \/>\nL. Foucher, M.J. Barroca, Y. Dulyanska, P.M.R. Correia, R.P.F. Guin\u00e9<br \/>\nFoods <strong>11<\/strong>, 917, 1-15 (2022)<\/p>\n<p><a href=\"https:\/\/www.mdpi.com\/2304-8158\/10\/12\/3110\"><em>Sarcocornia perennis<\/em>: a salt substitute in savory snacks<\/a><br \/>\nE. Clavel-Coibri\u00e9, J.R. Sales, A. Moreira da Silva, M.J. Barroca, I. Sousa, A. Raymundo<br \/>\nFoods <strong>10(12)<\/strong>, 3110, 1-17 (2021)<\/p>\n<p><a href=\"https:\/\/keypublishing.org\/jhed\/wp-content\/uploads\/2021\/11\/9.-JHED-Volume-36-FPP-Abstract-Maria-Joao-Barroca.pdf\">Study of antioxidant activity in extracts from fresh and dried halophyte plants<\/a><br \/>\nM.J. Barroca, I.F.P. Mansinhos, R.P.F. Guin\u00e9, A. Moreira da Silva<br \/>\nJournal of Hygienic Engineering and Design <strong>36<\/strong>, 143-149 (2021)<\/p>\n<p><a href=\"https:\/\/www.mdpi.com\/2076-3417\/11\/17\/7860\">Sea purslane as an emerging food crop: nutritional and biological studies<\/a><br \/>\nA. Pires, S. Agreira, S. Ressurrei\u00e7\u00e3o, J. Marques, R. Guin\u00e9, M.J. Barroca, A. Moreira da Silva<br \/>\nApplied Sciences <strong>11(17)<\/strong>, 7860, 1-18 (2021)<\/p>\n<p><a href=\"https:\/\/www.mdpi.com\/2223-7747\/10\/9\/1761\">Novel insights into <em>Corema album<\/em> berries: vibrational profile and biological activity<\/a><br \/>\nJ. Marques, A.M. Amado, V. Lysenko, N. Os\u00f3rio, L.A.E. Batista de Carvalho, M.P.M. Marques, M.J. Barroca, A. Moreira da Silva<br \/>\nPlants <strong>10(9)<\/strong>, 1761, 1-19 (2021)<\/p>\n<p><a href=\"https:\/\/keypublishing.org\/jhed\/wp-content\/uploads\/2021\/08\/6.-JHED-Volume-35-FPP-Abstract-Maria-Joao-Barroca.pdf\">The drying of kiwi: modelling of drying kinetics and desorption isotherms<\/a><br \/>\nM.J. Barroca, R.P.F. Guin\u00e9<br \/>\nJournal of Hygienic Engineering and Design <strong>35<\/strong>, 73-82 (2021)<\/p>\n<p><a href=\"https:\/\/keypublishing.org\/jhed\/wp-content\/uploads\/2021\/08\/18.-JHED-Volume-35-FPP-Abstract-Maria-Joao-Barroca.pdf\">Study of the drying kinetics and desorption isotherms of eggplant in convective air drying<\/a><br \/>\nM.J. Barroca, R.P.F. Guin\u00e9<br \/>\nJournal of Hygienic Engineering and Design <strong>35<\/strong>, 175-182 (2021)<\/p>\n<p><a href=\"https:\/\/www.mdpi.com\/2076-3417\/11\/14\/6617\">Development of a new pasta product by the incorporation of chestnut flour and bee pollen<\/a><br \/>\nM. Brochard, P. Correia, M.J. Barroca, R.P.F. Guin\u00e9<br \/>\nApplied Sciences <strong>11(14)<\/strong>, 6617, 1-19 (2021)<\/p>\n<p><a href=\"https:\/\/www.mdpi.com\/2076-3417\/11\/12\/5463\">Knowledge and consumption habits related with white crowberries (<em>Corema album<\/em> L.)<\/a><br \/>\nA. Moreira da Silva, M.J. Barroca, R.P.F. Guin\u00e9<br \/>\nApplied Sciences <strong>11(12)<\/strong>, 5463, 1-14 (2021)<\/p>\n<p><a href=\"https:\/\/www.mdpi.com\/2227-9717\/9\/2\/223\">Apple fermented products: an overview of technology, properties and health effects<\/a><br \/>\nR.P.F. Guin\u00e9, M.J. Barroca, T.E. Coldea, E. Bartkiene, O. Anjos<br \/>\nProcesses <strong>9(2)<\/strong>, 223, 1-25 (2021)<\/p>\n<p><a href=\"https:\/\/www.sciencedirect.com\/science\/article\/pii\/S0924224421000066\">The duality of innovation and food development versus purely traditional foods<\/a><br \/>\nR.P.F. Guin\u00e9, S.G. Floren\u00e7a, M.J. Barroca, O. Anjos<br \/>\nTrends in Food Science &amp; Technology <strong>109<\/strong>, 16-24 (2021)<\/p>\n<p>Camarinhas na alimenta\u00e7\u00e3o e na sa\u00fade<br \/>\nM.J. Barroca, A. Moreira da Silva<br \/>\nRevista de Ci\u00eancia Elementar <strong>V9(01)<\/strong>, 011 (2021)<\/p>\n<p><a href=\"https:\/\/www.mdpi.com\/2304-8158\/9\/9\/1317\">The link between the consumer and the innovations in food product development<\/a><br \/>\nR.P.F. Guin\u00e9, S.G. Floren\u00e7a, M.J. Barroca, O. Anjos<br \/>\nFoods <strong>9(1317)<\/strong>, 1-22 (2020)<\/p>\n<p><a href=\"https:\/\/link.springer.com\/article\/10.1007\/s13197-020-04482-7\">The drying process of <em>Sarcocornia perennis<\/em>: impact on nutritional and physico-chemical properties<\/a><br \/>\nM.J. Barroca, R.P.F. Guin\u00e9, A.M. Amado, S. Ressurrei\u00e7\u00e3o, A. Moreira da Silva, M.P.M. Marques, L.A.E. Batista de Carvalho<br \/>\nJournal of Food Science &amp; Technology <strong>57(12)<\/strong>, 4443-4458 (2020)<\/p>\n<p><a href=\"https:\/\/www.sciencedirect.com\/science\/article\/pii\/S1878535217300680\">Physicochemical properties, antioxidant action and practical application in fresh cheese of the solid inclusion compound \u03b3-cyclodextrin\u00b7quercetin, in comparison with \u03b2-cyclodextrin\u00b7quercetin<\/a><br \/>\nA.B. Pereira, A. Moreira da Silva, M.J. Barroca, M.P.M. Marques, S.S. Braga<br \/>\nArabian Journal of Chemistry <strong>13<\/strong>, 205-215 (2020)<\/p>\n<p><a href=\"https:\/\/analyticalsciencejournals.onlinelibrary.wiley.com\/doi\/full\/10.1002\/jrs.5775\">Shedding light into the health-beneficial properties of <em>Corema album<\/em> \u2013 a vibrational spectroscopy study<\/a><br \/>\nD. Martin, J. Marques, A.M. Amado, M.J. Barroca, A. Moreira da Silva, L.A.E. Batista de Carvalho, M.P.M. Marques<br \/>\nJournal of Raman Spectroscopy <strong>51<\/strong>, 313-322 (2020)<\/p>\n<p>SoSValor: Solu\u00e7\u00f5es sustent\u00e1veis para a valoriza\u00e7\u00e3o de produtos naturais e res\u00edduos industriais de origem vegetal<br \/>\nM. Henriques, A. Moreira da Silva, A. Veloso, C. Galhano, C. Pintado, F. Delgado, F. Ferreira, I. Seabra, I. Rodrigues, J. Noronha, L. Castro, L. Paulo, M. Goul\u00e3o, M.J. Barroca, M.J. Moreira, M.N. Pinheiro, S. Santos, S. Dias<br \/>\nAPH \u2013 A revista da Associa\u00e7\u00e3o Portuguesa de Horticultura <strong>132<\/strong>, 32-34 (2019)<\/p>\n<p><a href=\"https:\/\/agris.fao.org\/agris-search\/search.do?recordID=BG2019100301\">The panorama of usage of flowers for eating purposes: results from a questionnaire survey<\/a><br \/>\nM.J. Barroca, R.P.F. Guin\u00e9, S.G. Floren\u00e7a<br \/>\nJournal of International Scientific Publications: Agriculture &amp; Food <strong>6<\/strong>, 331-339 (2018)<\/p>\n<p><a href=\"http:\/\/qfm.uc.pt\/wp-content\/uploads\/2017\/07\/Beilstein_J_Org_Chem-13-2138.pdf\" target=\"_blank\" rel=\"noopener\">Solid-state Studies and Antioxidant Properties of \u03d2-Cyclodextrin\u00b7Fisetin Inclusion Compound<\/a><br \/>\nJ.M. Pais, M.J. Barroca, M.P.M. Marques, F.A. Almeida Paz e S.S. Braga<br \/>\nBeilstein Journal of Organic Chemistry <strong>13<\/strong>, 2138\u20132145 (2017)<\/p>\n<p><a href=\"http:\/\/qfm.uc.pt\/wp-content\/uploads\/2017\/08\/2017_JFMC_Artificial-neural-carrots.pdf\" target=\"_blank\" rel=\"noopener\">Artificial Neural Network Modelling of the Chemical Composition of Carrots Submitted to Different Pre-Drying Treatments<\/a><br \/>\nM.J. Barroca,\u00a0R.P.F. Guin\u00e9, A.R.P. Calado, P.M.R. Correia,\u00a0M. Mendes<br \/>\nFood Measure <strong>11<\/strong>, 1815-1826 (2017)<\/p>\n<p><a href=\"http:\/\/qfm.uc.pt\/wp-content\/uploads\/2017\/08\/2015_Neural.pdf\" target=\"_blank\" rel=\"noopener\">Artificial Neural Network Modelling the Antioxidant Activity and Phenolic Compounds of Bananas Submitted to Different Drying Treatments<\/a><br \/>\nR.P.F. Guin\u00e9, M.J. Barroca, F.J. Gon\u00e7alves, M. Alves, S. Oliveira, M. Mendes<br \/>\nFood Chemistry <strong>168<\/strong>, 454-459 (2015)<\/p>\n<p><a href=\"http:\/\/qfm.uc.pt\/wp-content\/uploads\/2017\/08\/2014_JFPE_adsor\u00e7\u00e3o-Bolacha-Maria.pdf\" target=\"_blank\" rel=\"noopener\">Adsorption Isotherms of Maria Biscuits from Different Brands<\/a><br \/>\nR.P.F. Guin\u00e9, M.J. Barroca, D. Pereira, P.M.R. Correia<br \/>\nJournal of Food Process Engineering\u00a0<strong>37,\u00a0<\/strong>329\u2013337 (2014)<\/p>\n","protected":false},"excerpt":{"rendered":"<p>Maria Jo\u00e3o Barroca\u00a0\u00e9 doutorada em Engenharia Qu\u00edmica pela Universidade de Coimbra, desempenha fun\u00e7\u00f5es de Professor Adjunto na Escola Superior Agr\u00e1ria de Coimbra do Instituto Polit\u00e9cnico de Coimbra, na \u00e1rea de tecnologia alimentar. Dedica a sua actividade ao estudo do impacto de processos de secagem sobre as propriedades f\u00edsico-quimicas dos alimentos e \u00e0 valoriza\u00e7\u00e3o de plantas [&hellip;]<\/p>\n","protected":false},"author":1,"featured_media":0,"parent":0,"menu_order":0,"comment_status":"closed","ping_status":"closed","template":"","meta":{"footnotes":""},"class_list":["post-466","page","type-page","status-publish","hentry"],"_links":{"self":[{"href":"https:\/\/qfm.uc.pt\/index.html\/wp-json\/wp\/v2\/pages\/466","targetHints":{"allow":["GET"]}}],"collection":[{"href":"https:\/\/qfm.uc.pt\/index.html\/wp-json\/wp\/v2\/pages"}],"about":[{"href":"https:\/\/qfm.uc.pt\/index.html\/wp-json\/wp\/v2\/types\/page"}],"author":[{"embeddable":true,"href":"https:\/\/qfm.uc.pt\/index.html\/wp-json\/wp\/v2\/users\/1"}],"replies":[{"embeddable":true,"href":"https:\/\/qfm.uc.pt\/index.html\/wp-json\/wp\/v2\/comments?post=466"}],"version-history":[{"count":2,"href":"https:\/\/qfm.uc.pt\/index.html\/wp-json\/wp\/v2\/pages\/466\/revisions"}],"predecessor-version":[{"id":4552,"href":"https:\/\/qfm.uc.pt\/index.html\/wp-json\/wp\/v2\/pages\/466\/revisions\/4552"}],"wp:attachment":[{"href":"https:\/\/qfm.uc.pt\/index.html\/wp-json\/wp\/v2\/media?parent=466"}],"curies":[{"name":"wp","href":"https:\/\/api.w.org\/{rel}","templated":true}]}}