{"id":543,"date":"2017-08-23T19:56:34","date_gmt":"2017-08-23T19:56:34","guid":{"rendered":"http:\/\/qfm.uc.pt\/?page_id=543"},"modified":"2026-01-05T10:10:12","modified_gmt":"2026-01-05T10:10:12","slug":"rcosta","status":"publish","type":"page","link":"https:\/\/qfm.uc.pt\/index.html\/language\/en\/rcosta\/","title":{"rendered":"Ricardo da Costa"},"content":{"rendered":"<p style=\"text-align: justify;\"><strong><img loading=\"lazy\" decoding=\"async\" class=\"size-full wp-image-3386 alignleft\" src=\"http:\/\/192.168.10.13\/~qfm\/wp-content\/uploads\/2024\/01\/RC-1.png\" alt=\"\" width=\"200\" height=\"200\" srcset=\"https:\/\/qfm.uc.pt\/wp-content\/uploads\/2024\/01\/RC-1.png 200w, https:\/\/qfm.uc.pt\/wp-content\/uploads\/2024\/01\/RC-1-150x150.png 150w, https:\/\/qfm.uc.pt\/wp-content\/uploads\/2024\/01\/RC-1-90x90.png 90w, https:\/\/qfm.uc.pt\/wp-content\/uploads\/2024\/01\/RC-1-100x100.png 100w\" sizes=\"auto, (max-width: 200px) 100vw, 200px\" \/>Ricardo MF da Costa<\/strong>, PhD in Life Sciences (Biochemistry \/ Biology) by the University of Wales at Aberystwyth (UK). Ricardo has acquired most of his research experience in fields linked to the study of the plant cell wall, primarily with the aim of utilising lignocellulosic biomass resources for the production of economically relevant products. Since joining the R&amp;D Group \u201cMolecular Physical-Chemistry\u201d in 2020, Ricardo has worked in various projects related to the study of phytochemicals. Currently, he is the Principal Investigator (PI) of the <a href=\"http:\/\/qfm.uc.pt\/projects\/pinewallen\/\" data-wplink-url-error=\"true\">PineWALL<\/a> project, which aims at linking pine cell wall composition and structure, to pinewood nematode resistance. Furthermore, he has also been working on the study of phytochemicals from endogenous maritime plants, with the aim of their valorisation as novel food ingredients and\/or nutraceuticals. However, Ricardo is a versatile researcher, capable of working in diverse research areas, as is evidenced by his past involvement in projects aimed at novel enzyme discovery through metagenomic screening, and aimed at the discovery of biomarkers for early diagnosis of human pulmonary diseases.<\/p>\n<hr \/>\n<table style=\"border-color: #ffffff; width: 85.2388%; height: 114px;\">\n<tbody>\n<tr>\n<td style=\"width: 308.875px; border-color: #ffffff; height: 29px; vertical-align: top;\"><strong>Address<\/strong><br \/>\nDepartamento de Qu\u00edmica<br \/>\nFaculdade de Ci\u00eancias e Tecnologia<br \/>\nUniversidade de Coimbra<br \/>\n3004-535 Coimbra<\/td>\n<td style=\"width: 232.641px; border-color: #ffffff; height: 29px; vertical-align: top;\"><b>E-mail<\/b><br \/>\n<a href=\"mailto:rmfdcosta@uc.pt\">rmfdcosta@uc.pt<\/a><br \/>\n<b>Telephone<\/b><br \/>\n+351 239 852 084<\/td>\n<td style=\"width: 152.484px; border-color: #ffffff; height: 29px; vertical-align: top;\"><a href=\"https:\/\/orcid.org\/0000-0002-5426-412X\" target=\"_blank\" rel=\"noopener\">ORCID ID<\/a><br \/>\n<a href=\"http:\/\/www.webofscience.com\/wos\/author\/record\/ABG-6529-2021\" target=\"_blank\" rel=\"noopener\">ResearcherID<\/a><br \/>\n<a href=\"https:\/\/www.scopus.com\/authid\/detail.uri?authorId=56417343300\" target=\"_blank\" rel=\"noopener\">Scopus ID\u00a0<\/a><br \/>\n<a href=\"https:\/\/www.researchgate.net\/profile\/Ricardo-Da-Costa-2\">ResearchGate<\/a><br \/>\n<a href=\"https:\/\/www.cienciavitae.pt\/portal\/9B15-24E2-13D3\">Ci\u00eancia Vitae<\/a><br \/>\n<a href=\"https:\/\/www.linkedin.com\/in\/ricardo-da-costa-4354844a\/\" target=\"_blank\" rel=\"noopener\">LinkedIn<\/a><\/td>\n<\/tr>\n<\/tbody>\n<\/table>\n<hr \/>\n<p><b>Publications<\/b><\/p>\n<p><a href=\"https:\/\/doi.org\/10.3390\/ph18121889\">A Spectrochemically Driven Study: Identifying Phenolic-Rich Extracts from Helichrysum stoechas, Lavandula pedunculata, and Thymus mastichina with Potential to Revert Skin Aging Effects\u00a0<\/a><br \/>\nM.P. Marques, E. Landim, C. Varela, R.M.F. da Costa, J. Marques, L.A.E. Batista de Carvalho, A. Silva, M.T. Cruz, R. Andr\u00e9, P. Rijo<br \/>\nPharmaceuticals <strong>18 (12)<\/strong>, 1889 (2025)<\/p>\n<p><a href=\"https:\/\/doi.org\/10.36253\/phyto-15829\"><em>Aphelenchoididae<\/em> Nematodes in a Centennial <em>Pinus Pinea<\/em> Tree, and a Review of <em>Bursaphelenchus<\/em> Species From This Host\u00a0<\/a><br \/>\nL. Fonseca, H. Silva, J.M.S. Cardoso, R.M.F. da Costa, F. Campelo, J. Vieira, I. Abrantes<br \/>\nPhytopathologia Mediterranea <strong>64 (1)<\/strong>, 25-39 (2025)<\/p>\n<p><a href=\"https:\/\/doi.org\/10.36253\/phyto-15625\">Molecular and Morphological Characterisation of a new record of Bursaphelenchus arthuri (Nematoda: Aphelenchoididae) from a new host, Pinus Pinea, in Europe<\/a><br \/>\nH. Silva, J.M.S. Cardoso, R.M.F. da Costa, I. Abrantes, L. Fonseca<br \/>\nPhytopathologia Mediterranea <strong>63 (3)<\/strong>, 385-391 (2024)<\/p>\n<p><a href=\"https:\/\/doi.org\/10.1021\/acs.iecr.3c03325\">Reduced Recalcitrance and Improved Pulp Properties in Eucalypt Woods Pretreated with White-Rot Fungi and Mild Alkali<\/a><br \/>\nR.M.F. da Costa, B. Almeida, A. Portugal, R. Simister, L.D. Gomez, A.L. Winters, B.D. Hauck, M. Bosch, L.A.E. Batista Carvalho, J.P.L. Canhoto, M.D.G.V.S. Carvalho<br \/>\nIndustrial &amp; Engineering Chemistry Research <strong>62(49)<\/strong>, 21033-21047 (2023)<\/p>\n<p><a href=\"https:\/\/www.mdpi.com\/2076-3921\/12\/2\/536\">Antioxidant Potential of Tamarillo Fruits\u2014Chemical and Infrared Spectroscopy Analysis<\/a><br \/>\nM. Rito, J. Marques, R.M.F. da Costa, S. Correia, T. Lopes, D. Mart\u00edn, J.M.P.L. Canhoto, L.A.E. Batista de Carvalho, M.P.M. Marques<br \/>\nAntioxidants <strong>12(2)<\/strong>, 536 (2023)<\/p>\n<p><a href=\"https:\/\/doi.org\/10.1016\/j.saa.2023.122816\">Spectrochemical analysis of seasonal and sexual variation of antioxidants in <em>Corema album<\/em> (L.) D. Don leaf extracts<\/a><br \/>\nD.J.S. Silva, J.A.V. Santos, J.C.N. Pinto, E.J. Llorent-Martinez, P.C. Castilho, L.A.E. Batista de Carvalho, M.P.M. Marques, M.J. Barroca, A.M. da Silva, R.M.F. da Costa<br \/>\nSpectrochimica Acta Part A: Molecular and Biomolecular Spectroscopy <strong>299<\/strong>, 122816 (2023)<\/p>\n<p><a href=\"https:\/\/doi.org\/10.3390\/f14050962\"><em>Potensaphelenchus stammeri<\/em> (K\u00f6rner, 1954) Gu, Liu, Abolafia &amp; Pedram, 2021 (Nematoda: Aphelenchoididae) from <em>Pinus pinea<\/em> Linnaeus, 1753 in Portugal<\/a><br \/>\nH. Silva, J.M.S. Cardoso, R.M.F. da Costa, I. Abrantes, L. Fonseca<br \/>\nForests <strong>14<\/strong>, 962 (2023)<\/p>\n<p><a href=\"https:\/\/doi.org\/10.3390\/molecules27207006\">Valorisation Potential of Invasive <em>Acacia dealbata<\/em>, <em>A. longifolia<\/em> and <em>A. melanoxylon<\/em> from Land Clearings<\/a><br \/>\nR.M. da Costa, M. Bosch, R. Simister, L.D. Gomez, J.M. Canhoto, L.A.E. Batista de Carvalho<br \/>\nMolecules <strong>27(20)<\/strong>, 7006 (2022)<\/p>\n<p><a href=\"https:\/\/doi.org\/10.1002\/jrs.6446\">Unravelling pine response to <em>Fusarium circinatum<\/em> through Raman spectroscopy<\/a><br \/>\nD. Mart\u00edn, I.P. Santos, P. Monteiro, J. Amaral, R.M.F. da Costa, J. Mart\u00edn-Garcia, L.A.E. Batista de Carvalho, M.P.M. Marques, G. Pinto<br \/>\nJournal of Raman Spectroscopy <strong>53(12)<\/strong>, 2086-2099 (2022)<\/p>\n<p><a href=\"https:\/\/doi.org\/10.1016\/j.scienta.2022.111248\">Unveiling the compositional remodelling of <em>Arbutus unedo<\/em> L. fruits during ripening<\/a><br \/>\nM.P. Marques, D. Martin, M. Bosch, J. Martins, A.K. Biswal, M. Zuzarte, L.A.E. Batista de Carvalho, J. Canhoto, R.M.F. da Costa<br \/>\nScientia Horticulturae <strong>303<\/strong>, 111248 (2022)<\/p>\n<p><a href=\"https:\/\/doi.org\/10.3389\/fpls.2021.679966\">Biorefining Potential of Wild-Grown <em>Arundo donax<\/em>, <em>Cortaderia selloana<\/em> and <em>Phragmites australis<\/em> and the Feasibility of White-Rot Fungi-Mediated Pretreatments<\/a><br \/>\nR.M.F. da Costa, A. Winters, B. Hauck, D. Mart\u00edn, M. Bosch, R. Simister, L.D. Gomez, L.A.E. Batista de Carvalho, J.M. Canhoto<br \/>\nFrontiers in Plant Science <strong>12,<\/strong> 679966 (2021)<\/p>\n<p><a href=\"https:\/\/doi.org\/10.3390\/agronomy11061130\">FTIR Screening to Elucidate Compositional Differences in Maize Recombinant Inbred Lines with Contrasting Saccharification Efficiency Yields<\/a><br \/>\nA. L\u00f3pez-Malvar, R. Santiago, R.A. Malvar, D. Mart\u00edn, I.P. dos Santos, L.A.E. Batista de Carvalho, L. Faas, L.D. G\u00f3mez, R.M.F. da Costa<br \/>\nAgronomy <strong>11(6)<\/strong>, 1130<\/p>\n<p><a href=\"https:\/\/doi.org\/10.1101\/2020.07.27.20162958\">Metabolomics differentiate cancer from non-cancer pleural effusions based on steroid lipids and acyl carnitines<\/a><br \/>\nK. Love, R.M.F. da Costa, M. Beckmann, A. Morley, R. Bhatnagar, N. Maskell, L.A.J. Mur, K.E. Lewis<br \/>\nMedRxiv (2020)<\/p>\n<p><a href=\"https:\/\/doi.org\/10.1007\/s00468-020-02036-0\">Study of physiological and biochemical events leading to vitrification of <em>Arbutus unedo<\/em> L. cultured in vitro<\/a><br \/>\nM.P. Marques, J. Martins, L.A.E. Batista de Carvalho, M.R. Zuzarte, R.M.F. da Costa, J. Canhoto<br \/>\nTrees <strong>35<\/strong>, 241-253 (2021)<\/p>\n<p><a href=\"https:\/\/doi.org\/10.1007\/978-1-0716-0621-6_16\">Analysis of Plant Cell Walls by Attenuated Total Reflectance Fourier Transform Infrared Spectroscopy<\/a><br \/>\nR.M.F. da Costa, W. Barrett, J. Carli, G.G. Allison<br \/>\nThe Plant Cell Wall, 297-313 (2020)<\/p>\n<p><a href=\"https:\/\/doi.org\/10.1186\/s13068-019-1426-7\">Desirable plant cell wall traits for higher quality miscanthus lignocellulosic biomass<\/a><br \/>\nR.M.F. da Costa, S. Pattathil, U. Avci, A. Winters, M.G. Hahn, M. Bosch<br \/>\nBiotechnology for Biofuels <strong>12<\/strong>, 85 (2019)<\/p>\n<p><a href=\"http:\/\/doi.org\/10.24927\/rce2019.006\">Parede Celular Vegetal<\/a><br \/>\nR.M.F. da Costa<br \/>\nRevista de Ci\u00eancia Elementar <strong>7(1)<\/strong>, (2019)<\/p>\n<p><a href=\"https:\/\/doi.org\/10.1016\/j.ibiod.2019.104816\">Combining an innovative non-invasive sampling method and high-throughput sequencing to characterize fungal communities on a canvas painting<\/a><br \/>\nH. Paiva de Carvalho, S.O. Sequeira, D. Pinho, J. Trov\u00e3o, R.M.F. da Costa, C. Egas, M.F. Macedo, A. Portugal<br \/>\nInternational Biodeterioration &amp; Biodegradation <strong>145<\/strong>, 104816 (2019)<\/p>\n<p><a href=\"https:\/\/doi.org\/10.1093\/aob\/mcy155\">Nutrient and drought stress: implications for phenology and biomass quality in miscanthus<\/a><br \/>\nR.M.F. da Costa, R. Simister, L. A. Roberts, E. Timms-Taravella, A.B. Cambler, F.M.K. Corke, J. Han, R.J. Ward, M.S. Buckeridge, L.D. Gomez, M. Bosch<br \/>\nAnnals of Botany <strong>124(4)<\/strong>, 553-566 (2019)<\/p>\n<p><a href=\"https:\/\/doi.org\/10.1016\/j.culher.2018.05.001\">Fungal contamination of paintings and wooden sculptures inside the storage room of a museum: Are current norms and reference values adequate?<\/a><br \/>\nH. Paiva de Carvalho, N. Mesquita, J. Trov\u00e3o, S.F. Rodr\u00edguez, A.C. Pinheiro, V, Gomes, A. Alcoforado, F. Gil, A. Portugal<br \/>\nJournal of Cultural Heritage <strong>34<\/strong>, 268-276 (2018)<br \/>\nAcknowledged as proof-reader and translator of the manuscript<\/p>\n<p><a href=\"https:\/\/doi.org\/10.1111\/nph.14306\">A cell wall reference profile for <em>Miscanthus<\/em> bioenergy crops highlights compositional and structural variations associated with development and organ origin<\/a><br \/>\nR.M.F. da Costa, S. Pattathil, U. Avci, S.J. Lee, S.P. Hazen, A. Winters, M.G. Hahn, M. Bosch<br \/>\nNew Phytologist <strong>213(4)<\/strong>, 1710-1725 (2016)<\/p>\n<p><a href=\"https:\/\/doi.org\/10.21769\/BioProtoc.1494\">Cell Wall Biomass Preparation and Fourier Transform Mid-infrared (FTIR) Spectroscopy to Study Cell Wall Composition<\/a><br \/>\nR.M.F. da Costa, G.G. Allison, M. Bosch<br \/>\nBio-Protocol Journal <strong>5(11)<\/strong>, 31494 (2015)<\/p>\n<p><a href=\"https:\/\/doi.org\/10.1093\/aob\/mcu054\">Genotype, development and tissue-derived variation of cell-wall properties in the lignocellulosic energy crop <em>Miscanthus<\/em><\/a><br \/>\nR.M.F. da Costa, S.J. Lee, G.G. Allison, S.P. Hazen, A. Winters, M. Bosch<br \/>\nAnnals of Botany <strong>114(6)<\/strong>, 1265-1277 (2014)<\/p>\n","protected":false},"excerpt":{"rendered":"<p>Ricardo MF da Costa, PhD in Life Sciences (Biochemistry \/ Biology) by the University of Wales at Aberystwyth (UK). Ricardo has acquired most of his research experience in fields linked to the study of the plant cell wall, primarily with the aim of utilising lignocellulosic biomass resources for the production of economically relevant products. Since [&hellip;]<\/p>\n","protected":false},"author":1,"featured_media":0,"parent":0,"menu_order":0,"comment_status":"closed","ping_status":"closed","template":"","meta":{"footnotes":""},"class_list":["post-543","page","type-page","status-publish","hentry"],"_links":{"self":[{"href":"https:\/\/qfm.uc.pt\/index.html\/wp-json\/wp\/v2\/pages\/543","targetHints":{"allow":["GET"]}}],"collection":[{"href":"https:\/\/qfm.uc.pt\/index.html\/wp-json\/wp\/v2\/pages"}],"about":[{"href":"https:\/\/qfm.uc.pt\/index.html\/wp-json\/wp\/v2\/types\/page"}],"author":[{"embeddable":true,"href":"https:\/\/qfm.uc.pt\/index.html\/wp-json\/wp\/v2\/users\/1"}],"replies":[{"embeddable":true,"href":"https:\/\/qfm.uc.pt\/index.html\/wp-json\/wp\/v2\/comments?post=543"}],"version-history":[{"count":9,"href":"https:\/\/qfm.uc.pt\/index.html\/wp-json\/wp\/v2\/pages\/543\/revisions"}],"predecessor-version":[{"id":4755,"href":"https:\/\/qfm.uc.pt\/index.html\/wp-json\/wp\/v2\/pages\/543\/revisions\/4755"}],"wp:attachment":[{"href":"https:\/\/qfm.uc.pt\/index.html\/wp-json\/wp\/v2\/media?parent=543"}],"curies":[{"name":"wp","href":"https:\/\/api.w.org\/{rel}","templated":true}]}}