{"id":83,"date":"2017-07-31T15:02:13","date_gmt":"2017-07-31T15:02:13","guid":{"rendered":"https:\/\/qfmweb.wordpress.com\/?page_id=83"},"modified":"2017-07-31T15:02:13","modified_gmt":"2017-07-31T15:02:13","slug":"objetivos","status":"publish","type":"page","link":"https:\/\/qfm.uc.pt\/index.html\/objetivos\/","title":{"rendered":"Objetivos"},"content":{"rendered":"<p style=\"text-align: justify;\">A atividade de investiga\u00e7\u00e3o na QFM-UC incide no estudo de amostras biol\u00f3gicas (e.g. c\u00e9lulas, biofluidos, tecidos) por espectroscopia vibracional, sondando altera\u00e7\u00f5es (qu\u00edmicas, estruturais e din\u00e2micas) induzidas por agentes quimioterap\u00eauticos, condi\u00e7\u00f5es ambientais (e.g. inc\u00eandios) ou patologias. Esta atividade abrange v\u00e1rios t\u00f3picos:<\/p>\n<p style=\"text-align: justify;\">(i) diagn\u00f3stico precoce de doen\u00e7as, com \u00eanfase no cancro, fibrose c\u00edstica e diabetes mellitus, atrav\u00e9s da dete\u00e7\u00e3o de varia\u00e7\u00f5es induzidas pela doen\u00e7a no perfil vibracional de c\u00e9lulas, fluidos e tecidos humanos;<br \/>\n(ii) avalia\u00e7\u00e3o do impacto de novos agentes quimioterap\u00eauticos contendo platina ou pal\u00e1dio em c\u00e9lulas\/tecidos humanos e organismos vivos;<br \/>\n(iii) avalia\u00e7\u00e3o e quantifica\u00e7\u00e3o de altera\u00e7\u00f5es induzidas pelo calor em esqueletos humanos, visando estudos arqueol\u00f3gicos e forenses (e.g. identifica\u00e7\u00e3o de v\u00edtimas);<br \/>\n(iv) estimativa do efeito em c\u00e9lulas humanas de antioxidantes presentes na dieta, para avaliar o seu poss\u00edvel uso como agentes quimiopreventivos do cancro e potenciadores da interven\u00e7\u00e3o quimioterap\u00eautica (terapia adjuvante).<\/p>\n<p style=\"text-align: justify;\">A espectroscopia vibracional \u00e9 a principal metodologia aplicada na QFM-UC, sendo as medidas efetuadas no VIBIMA (<a href=\"http:\/\/qfm.uc.pt\/laboratorio-de-espetroscopia\/\">Laborat\u00f3rio de Espectroscopia Vibracional para Bioan\u00e1lise<\/a>) complementadas por t\u00e9cnicas de ponta tais como:<\/p>\n<p style=\"text-align: justify;\">(i) Espectroscopia de Raman Coerente de Anti-Stokes (CARS), usando a \u00fanica aparelhagem Ib\u00e9rica para esta t\u00e9cnica instalada na <a href=\"https:\/\/www.uma.es\/\" target=\"_blank\" rel=\"noopener\">Universidade de M\u00e1laga<\/a> (Espanha), no \u00e2mbito de uma longa e frut\u00edfera colabora\u00e7\u00e3o;<br \/>\n(ii) dispers\u00e3o inel\u00e1stica e quasi-el\u00e1stica de neutr\u00f5es, na <a href=\"https:\/\/www.isis.stfc.ac.uk\/Pages\/home.aspx\" target=\"_blank\" rel=\"noopener\">ISIS Neutron &amp; Muon Source<\/a> (Reino Unido), no \u00e2mbito duma forte coopera\u00e7\u00e3o com este laborat\u00f3rio l\u00edder mundial;<br \/>\n(iii) microspectroscopia de Infravermelho e Estrutura Fina por Absor\u00e7\u00e3o Expandida de Raios-X (EXAFS), ambas com radia\u00e7\u00e3o de sincrotr\u00e3o, na <a href=\"http:\/\/www.diamond.ac.uk\/Home.html\" target=\"_blank\" rel=\"noopener\">Diamond Light Source<\/a> (Reino Unido).<\/p>\n<p style=\"text-align: justify;\">A QFM-UC possui tamb\u00e9m um laborat\u00f3rio de biologia celular que garante um acesso f\u00e1cil a dados complementares sobre os sistemas estudados permitindo relacionar estrutura e atividade biol\u00f3gica, promovendo assim uma excelente intera\u00e7\u00e3o entre m\u00e9todos f\u00edsico-qu\u00edmicos e abordagens biol\u00f3gicas &#8211; um recurso raramente encontrado em Unidades de I&amp;D dentro da \u00e1rea da Qu\u00edmica-F\u00edsica (espectroscopia).<br \/>\nO plano estrat\u00e9gico da QFM-UC aproveita os seus pontos fortes: nomeadamente as diversas especialidades dos seus membros &#8211; desde Qu\u00edmica\/Qu\u00edmica-F\u00edsica e Bioqu\u00edmica\/Qu\u00edmica Bioinorg\u00e2nica at\u00e9 Biologia Celular\/Molecular, Microbiologia e Sa\u00fade P\u00fablica &#8211; e a ampla rede estabelecida com proeminentes laborat\u00f3rios nacionais e internacionais, nomeadamente a participa\u00e7\u00e3o na ac\u00e7\u00e3o COST <a href=\"http:\/\/bit.ly\/2CEMRrC\" target=\"_blank\" rel=\"noopener\">Raman4Clinics<\/a> e na International Society for Clinical Spectroscopy (<a href=\"https:\/\/clirspec.org\" target=\"_blank\" rel=\"noopener\">CLIRSPEC<\/a>), e as colabora\u00e7\u00f5es com o <a href=\"http:\/\/gardner-lab.com\/\" target=\"_blank\" rel=\"noopener\">Manchester Institute of Biotechnology<\/a> (Universidade de Manchester, Reino Unido), o <a href=\"http:\/\/bit.ly\/2hbuSyR\" target=\"_blank\" rel=\"noopener\">Dublin Institute of Technology &#8211; FOCAS<\/a> (Irlanda), e o <a href=\"http:\/\/www.CentroNAST.it\" target=\"_blank\" rel=\"noopener\">NAST Centre for Nanoscience &amp; Nanotechnology<\/a> (It\u00e1lia), referindo apenas alguns. Al\u00e9m disso, a atividade cient\u00edfica realizada nos \u00faltimos anos, ampliada e aperfei\u00e7oada atrav\u00e9s do plano estrat\u00e9gico atual, obedece aos principais desafios societais da Comiss\u00e3o Europeia e \u00e0s principais prioridades para os pr\u00f3ximos anos no campo da Sa\u00fade\/Bem-estar\/Estilos de vida Saud\u00e1veis: melhor sa\u00fade e cuidados, sistemas alimentares sustent\u00e1veis, fortalecimento da coopera\u00e7\u00e3o internacional e cria\u00e7\u00e3o de mercados inovadores.<\/p>\n","protected":false},"excerpt":{"rendered":"<p>A atividade de investiga\u00e7\u00e3o na QFM-UC incide no estudo de amostras biol\u00f3gicas (e.g. c\u00e9lulas, biofluidos, tecidos) por espectroscopia vibracional, sondando altera\u00e7\u00f5es (qu\u00edmicas, estruturais e din\u00e2micas) induzidas por agentes quimioterap\u00eauticos, condi\u00e7\u00f5es ambientais (e.g. inc\u00eandios) ou patologias. Esta atividade abrange v\u00e1rios t\u00f3picos: (i) diagn\u00f3stico precoce de doen\u00e7as, com \u00eanfase no cancro, fibrose c\u00edstica e diabetes mellitus, atrav\u00e9s [&hellip;]<\/p>\n","protected":false},"author":1,"featured_media":0,"parent":0,"menu_order":0,"comment_status":"closed","ping_status":"closed","template":"","meta":{"footnotes":""},"class_list":["post-83","page","type-page","status-publish","hentry"],"_links":{"self":[{"href":"https:\/\/qfm.uc.pt\/index.html\/wp-json\/wp\/v2\/pages\/83","targetHints":{"allow":["GET"]}}],"collection":[{"href":"https:\/\/qfm.uc.pt\/index.html\/wp-json\/wp\/v2\/pages"}],"about":[{"href":"https:\/\/qfm.uc.pt\/index.html\/wp-json\/wp\/v2\/types\/page"}],"author":[{"embeddable":true,"href":"https:\/\/qfm.uc.pt\/index.html\/wp-json\/wp\/v2\/users\/1"}],"replies":[{"embeddable":true,"href":"https:\/\/qfm.uc.pt\/index.html\/wp-json\/wp\/v2\/comments?post=83"}],"version-history":[{"count":0,"href":"https:\/\/qfm.uc.pt\/index.html\/wp-json\/wp\/v2\/pages\/83\/revisions"}],"wp:attachment":[{"href":"https:\/\/qfm.uc.pt\/index.html\/wp-json\/wp\/v2\/media?parent=83"}],"curies":[{"name":"wp","href":"https:\/\/api.w.org\/{rel}","templated":true}]}}